*r - p. List the prime factors of k.
2, 43
Suppose 2*t - 49 - 33 = 0. Suppose 2*n + t = v, 5*v + 8*n = 3*n + 220. List the prime factors of v.
43
Let w be (-1*2)/(16/(-48)). Let k = -4 + w. What are the prime factors of -5*(-2)/k*2?
2, 5
Suppose 0 = -2*b - 2959 + 10767. What are the prime factors of b?
2, 61
Let z = 604 + -180. What are the prime factors of z?
2, 53
Suppose 16 = 4*g, -10*g = -3*j - 14*g + 1345. List the prime factors of j.
443
Let b = 933 + -642. What are the prime factors of b?
3, 97
Let f(n) = -183 + 0*n**2 + 189 + 4*n + 15*n**2 + n**3 + 11*n. What are the prime factors of f(-13)?
149
Let r = -527 + 2637. What are the prime factors of r?
2, 5, 211
Let b(s) = s**2 - 3*s + 17. Let y be b(9). Suppose -y = -5*t + 4*c + 419, -t - 5*c = -69. List the prime factors of t.
2, 47
Suppose -2*q + 1000 = -4*h, 5*q - 2545 = -7*h + 2*h. List the prime factors of q.
2, 11, 23
Suppose 2*j = 166 - 142. Suppose u + 2*u = 3*m - 423, j = -3*u. What are the prime factors of m?
137
Suppose -4*m = -7*m + 12. Suppose 0 = -m*y + 119 + 77. List the prime factors of y.
7
Suppose -5*z = 4*v - 90, -4*v - 6 = -26. Suppose f = 2*f + 3*u - z, -83 = -5*f - 2*u. Let r = -10 + f. List the prime factors of r.
7
Let x(g) = 5*g**2 + 12*g + 11. List the prime factors of x(-21).
2, 491
List the prime factors of 478 + (2 - 2)/3.
2, 239
Suppose -671*a = -653*a - 47466. List the prime factors of a.
3, 293
Let c(z) = 3*z**3 + 2 + 13*z**3 - 2*z + 61*z**2 + 5*z**3 - 58*z**2. List the prime factors of c(2).
2, 89
Let z = 2694 - 1347. What are the prime factors of z?
3, 449
Suppose 2*c - 508 = -6*n + 3*n, 4*c - n = 1002. What are the prime factors of c?
251
Let g(n) = -n + 7. Let m be g(7). Let v = -12 + 15. Suppose -3*q - 5*s + 74 = m, -v*q + 63 = -s - 5. What are the prime factors of q?
23
Let c(f) = 2*f**2 - 26*f - 10. Let x(h) = 2*h**2 - 27*h - 10. Let n(w) = 4*c(w) - 3*x(w). What are the prime factors of n(17)?
3, 59
Let t(q) = 6*q + 27. Let d(a) = -31*a - 134. Let s(n) = 2*d(n) + 11*t(n). List the prime factors of s(15).
89
Let s(w) = 3*w**3 - 3*w**2 + 8*w - 4. Let r be s(5). Suppose -21 + 397 = 2*n + 4*f, 4*f + r = 2*n. List the prime factors of n.
2, 89
Let x be 1*((-113)/2)/(3/6). Let u = x - -124. What are the prime factors of u?
11
What are the prime factors of (-30)/(-3) - (-10 + -2059)?
3, 7, 11
Suppose -6*f + 239 = -1921. Suppose 3*h - c - f = -2*h, 0 = -5*h - c + 350. What are the prime factors of h?
71
Suppose 4356 = -37*q + 49*q. What are the prime factors of q?
3, 11
Let q be 2/17 - (-256)/136. Suppose 3*d = -q*n + 120 + 155, -d - 130 = -n. What are the prime factors of n?
7, 19
Let x(f) = 29*f**2 - 32*f + 4. List the prime factors of x(-6).
2, 5, 31
Suppose 4 = d - 2*b, -b = -3*d + 7*d - 61. Let o be (-6)/21 - 26/7. List the prime factors of o/(-6)*189/d.
3
Suppose s = -o + 488, -3*o + 4*s = -4*o + 497. List the prime factors of o.
5, 97
Let u = 7 + -2. Let o = 54 + u. What are the prime factors of o?
59
Suppose 3489 = 2*t - 3*o, 0 = 2*t - 2*o - 150 - 3344. List the prime factors of t.
2, 3, 73
Suppose -4 = 3*j + 2. Let i be -1 + 7 + j + 2. Suppose i = d - 14. What are the prime factors of d?
2, 5
Let x be 4/(-3)*(-2 + 15)*-3. Let n = -47 + x. What are the prime factors of n?
5
List the prime factors of (-2632)/(-5) - ((-161)/35 + 5).
2, 263
Let c = 246 + -96. Let n = -93 + c. List the prime factors of n.
3, 19
Let p = 1135 - -756. What are the prime factors of p?
31, 61
Suppose 2*u - 3034 = 1110. What are the prime factors of u?
2, 7, 37
Let x be ((-3)/9)/(2/(-12)). Suppose 0 = 5*a - x + 12. What are the prime factors of (a/1 + 1)*-20?
2, 5
Let z be (-10)/(-40) - (-1)/(-4). Suppose -g - 2*g + 6 = z. Let m(n) = 4*n - 2. What are the prime factors of m(g)?
2, 3
Let w = 98 + 5312. List the prime factors of w.
2, 5, 541
Suppose -76*b + 19074 = -65*b. What are the prime factors of b?
2, 3, 17
Let k be 3 + -5 - -3 - -2. Suppose -44 = 4*q - k*q. What are the prime factors of (5/(-10))/(2/q)?
11
List the prime factors of ((-8)/(-12))/((-26)/(-5772)).
2, 37
Let k be (-4)/(-3)*18/12. Let l(v) = v + 0 - 2*v**k - v**2 - 2 + 4*v**2. List the prime factors of l(-4).
2, 5
Let v = 1684 - 880. List the prime factors of v.
2, 3, 67
What are the prime factors of 1 - -552 - 21/(-3)?
2, 5, 7
Let p(f) = f**3 + 2*f**2 - 4*f - 1. Suppose 6*a = a + 25. Suppose -3*h = -a + 14. What are the prime factors of p(h)?
2
Suppose 4*j = 5*h - 355 - 66, -2*h + 539 = -5*j. Let v = -30 - j. What are the prime factors of v?
79
Let z(s) = s**2 - 11*s + 31. Let p be z(7). Let u = p - -154. List the prime factors of u.
157
Let c(d) = -d + 7. Let r be 2/4*(8 + 4). Let q be c(r). Let t = 22 - q. What are the prime factors of t?
3, 7
Suppose 4*p + 0*p - 60 = 0. Let g(d) = -2*d**3 - 21*d**2 - 28*d + 1. Let z be g(-9). What are the prime factors of (2 + 4)/(p/z)?
2
Let r(x) = x**3 + 37*x**2 - 78*x - 18. Let t be r(-39). Let w(m) = m**3 + 9*m**2 + 9*m + 1. Let a be w(-7). Let b = t + a. What are the prime factors of b?
2, 3
Suppose -5*a + 8*a - 60 = -2*z, -z + 19 = a. Suppose -2*x = a - 92. List the prime factors of x.
5, 7
Suppose 7*v + 4*h - 640 = 3*v, 2*v - 4*h = 326. Let g = v + -93. What are the prime factors of g?
2, 17
Let j be ((-8)/4)/(2/(-3)). Suppose -2*k - 4*h - 4 = -0*k, 7 = 4*k + 5*h. Suppose j*l - k = 37. List the prime factors of l.
3, 5
Let o = 43 - -777. What are the prime factors of o?
2, 5, 41
Let g(z) be the second derivative of -z**3/6 - z**2 - 11*z. What are the prime factors of g(-7)?
5
Let j(t) = 7 - 36 - 44*t + 42*t. Let w be j(-13). List the prime factors of w*3*322/(-42).
3, 23
Let w(k) = 3*k**2 - 2*k - 6. Let i(u) = u**2 + 2*u - 4. Let s be i(-5). Let p be w(s). Suppose -p = -4*n - 35. What are the prime factors of n?
3, 5
Let k = -2 - -7. Let y be 62/10 - 1/k. Suppose y*h = 3*h + 4*c + 104, 4*h - 146 = -2*c. List the prime factors of h.
2, 3
Let i(o) = -2*o**2 + 7*o - 2. Let u(t) = -t**2 - 1. Let b(g) = -i(g) + 3*u(g). Let y be b(-8). Let w = y - -19. List the prime factors of w.
2, 5
Let z be 5/(-30)*-20*15. What are the prime factors of 28/7 + z/1?
2, 3
List the prime factors of 3733 + (2 - -4) + -3.
2, 467
Let c be -1 + 2/(4/(-270)). Let i = -54 - c. Let a = -59 + i. List the prime factors of a.
23
Suppose 0*r = -6*r + 3816. Suppose -r = -3*k - 4*g, -k - 2*g - 826 = -5*k. What are the prime factors of k?
2, 13
Suppose -t + 13 = 3*q, -2*q + 7*q - 2*t - 40 = 0. Suppose 3*f = f - q. Let u = f - -13. What are the prime factors of u?
2, 5
Let g be (-1 - 0)/((-1)/2). Suppose -2 = -g*k - 2*m, -2 = m - 4. What are the prime factors of ((-21)/7)/(k/12)?
2, 3
Let y(b) = -19 + 0 + 4*b - 2. Let s be y(6). Suppose 42 = 3*z - 5*u - 101, 2*z + s*u - 127 = 0. List the prime factors of z.
2, 7
Let z = 6 - 2. Let r be 2/(3 + (-52)/20). Suppose -2*v + d = -92, 0*v + 204 = r*v + z*d. What are the prime factors of v?
2, 11
Let z = 1666 + -1115. List the prime factors of z.
19, 29
Let l be 777/(-18) - (-1)/6. Let x = l - -170. Suppose 5*g + 2 = x. What are the prime factors of g?
5
Suppose 12336 = 4*m + 4*u, -3*u - 2363 = -3*m + 6901. What are the prime factors of m?
2, 1543
Let g = 167 + 48. Suppose -5*m = 75 - g. Suppose -2*a = 5*i - m, -2 = -0*i - i - 4*a. List the prime factors of i.
2, 3
Let d = 3194 - 2098. List the prime factors of d.
2, 137
Let h(o) = o + 32. Let x be h(-26). Suppose -495 = -2*i - k, 9*i - x*i = -5*k + 753. What are the prime factors of i?
2, 3, 41
Let y(w) be the first derivative of -w**4/4 - 4*w**3/3 + 5*w**2/2 - 2*w + 6. Let a be y(-5). List the prime factors of (-46)/(-2) + 0 + a.
3, 7
Let q(k) = 2*k**2 - 13*k. Let r be q(0). Let v be 23/(2/16*1). Suppose -4*j + v = -r*j. What are the prime factors of j?
2, 23
What are the prime factors of 0 + (7*2)/(20/250)?
5, 7
Let b(p) = -p**3 - 14*p**2 - 13*p + 7. Let f be b(-13). Suppose -f*o + 2*o + 875 = 0. What are the prime factors of o?
5, 7
Let x(p) = -44*p - 62. What are the prime factors of x(-14)?
2, 277
Let a = 19176 - 13111. List the prime factors of a.
5, 1213
Let j(y) = -7*y + 6. Let k be j(6). Let r = k + 75. Suppose r = 2*v + v. List the prime factors of v.
13
Let u(i) = -13 - i**2 + 12*i**2 - 3*i + 554*i**3 - 555*i**3. What are the prime factors of u(10)?
3, 19
Let u be (-25)/2 + 2/4. List the prime f